3*a - z - 27 = 0, 2*a + 10 = -z + 33. Suppose 168 = a*c - 3*c. What is the highest common factor of c and 6?
6
Let f be ((-4)/(-6))/(10/300). Calculate the highest common factor of f and 250.
10
Let x(t) = 2*t**3 - 18*t**2 + 4*t - 8. Let a be x(9). Calculate the highest common factor of 784 and a.
28
Suppose -4*s = -2*k - 104, -2*k - 29 = -3*s + 49. Let j = 131 - 79. Calculate the highest common factor of s and j.
26
Suppose -40*s = -44*s + 240. Calculate the greatest common divisor of 220 and s.
20
Suppose -3*v + 9 = 0, 3*t + 23*v = 28*v + 192. Suppose 66 = 3*o + z, -3*o + z + 72 = -0*z. What is the highest common factor of t and o?
23
Suppose 4*b - 2*o - 30 = 0, 8*o - 6*o - 12 = -3*b. What is the greatest common divisor of b and 102?
6
Suppose -3*k = 5*v - v - 1088, v - 271 = -k. What is the greatest common divisor of v and 165?
55
Let l be (-3 + 2 + -1)/(4/(-434)). Let y = 65 + -34. Calculate the greatest common divisor of l and y.
31
Suppose 339 = 5*d - 651. Let p = d - -58. What is the greatest common divisor of 32 and p?
32
Let v(r) = r**2 + 19*r - 81. Let p be v(-34). What is the highest common factor of 132 and p?
33
Let h = -13 - -13. Suppose -5*j + 75 + 5 = h. What is the greatest common factor of 4 and j?
4
Suppose 5 = -5*x, -r - 5*x + 35 = -158. Calculate the highest common factor of r and 660.
66
Suppose 5*f - 2*p = 133, -2*f = -10*p + 5*p - 49. Let r be (-9)/54 + (-5)/6. Let o be f*2*(0 - r). Calculate the greatest common factor of 36 and o.
18
Suppose -2*v + 6 = -8. Suppose -91 = -v*o - 28. What is the highest common divisor of 27 and o?
9
Let g = -1565 + 1637. What is the greatest common factor of 414 and g?
18
Let y be (1/5)/(6/30). Let r be y/(-2)*(-264 + -2). Suppose 2*i = 7 + r. What is the highest common factor of 28 and i?
14
Suppose 0 = -4*x + 2*u + 30, -u = -2*x + 4*u + 3. Let z = 16 - 11. Suppose z*g - g = 252. Calculate the greatest common divisor of g and x.
9
Let k(p) = p**3 - 7*p**2 - 6*p + 9. Let w(d) = d + 25. Let l be w(-17). Let i be k(l). What is the greatest common factor of 25 and i?
25
Let a be 4/2 + -2 + 14. Suppose -93*g + 95*g = -4*h + 108, 4*h = 7*g + 126. What is the greatest common factor of h and a?
14
Let k(q) = 112*q + 21. Let i be k(5). Calculate the highest common divisor of i and 7.
7
Let a = -2 - -5. Suppose 3*k - 5*n = 38, -a*k - 6*n + 88 = -n. Let w = 6 + 8. Calculate the highest common divisor of w and k.
7
Let k = 13 - 21. Let l = k - -2. Let b be l/(-4)*208/24. What is the highest common factor of b and 39?
13
Suppose -2*d + d = 4*d. Suppose -5*n - 5*r + 50 = d, -3*r = -4*n - 5*r + 32. Let p be 1/(-4) - (-17)/4. Calculate the highest common factor of p and n.
2
Let k(q) = -9*q + 1. Let j be k(-1). Suppose 0 = 2*x - j, 2*p - 86 = -4*x + 114. Calculate the greatest common factor of p and 10.
10
Let k be (-61)/(-7) - 32/(-112). Calculate the greatest common factor of k and 9.
9
Let m(o) = -o**3 + 2*o**2 + 4*o + 4. Let r be m(6). Let y = r + 83. Let s = -15 - y. Calculate the highest common factor of s and 126.
18
Suppose -2*o + 4*o - 22 = q, -19 = -3*o + 5*q. Suppose 16*s - o*s - 72 = 0. What is the highest common factor of s and 48?
24
Let b(m) = 28*m**3. Let z be b(-1). Let q be (-16)/z + (-4088)/(-49). Calculate the greatest common factor of 28 and q.
28
Suppose 6*l - 17427 = -7023. What is the highest common divisor of 102 and l?
102
Let m(k) = 369*k + 474. Let b be m(6). What is the highest common factor of 42 and b?
42
Suppose 81*l - 9350 = 70*l. What is the highest common factor of 150 and l?
50
Let w = 6 - 3. Let b(i) = 8*i**2 + 7*i + 0*i + 5 + 4 + i**w. Let d be b(-7). What is the highest common factor of 18 and d?
9
Let n(l) be the second derivative of 0 - 3*l**2 - 2/3*l**3 + 10*l. Let z be n(-4). What is the greatest common divisor of 25 and z?
5
Let k(r) = r**2 - r + 2. Let z be k(0). Suppose 2*c + z*c = 8. Suppose -c*b + 13 = l, 34 = l + 2*l + b. Calculate the greatest common divisor of 44 and l.
11
Suppose -3 = -6*c + 21. Let v = c - -4. What is the highest common factor of v and 8?
8
Let c = 236 - 116. Suppose 11*y - 8*y - c = 0. Suppose 5*p - y = p. Calculate the highest common factor of 10 and p.
10
Suppose -6 = v - 4*l, -2*v + 0*l - 2*l - 2 = 0. Let f(q) = -13*q + 4. Let x be f(v). What is the highest common factor of x and 18?
6
Let b(c) = 2*c**2 - 4*c + 4. Let r be b(2). Suppose -n - 289 = -r*p, -2*p = -4*p - 4*n + 140. What is the highest common divisor of p and 24?
24
Let t(z) = 2*z**3 + 4*z**2 - 5*z - 3. Let r be t(-2). Suppose -5*b + 71 = -n, b = -2*b + n + 43. What is the highest common divisor of b and r?
7
Suppose -110 = -c - 0*c. Let i be c/(-3)*((-45)/(-6))/(-5). Let v = -4 - -9. What is the greatest common divisor of v and i?
5
Suppose 5*x + 304 = 2229. Let v = 2089 + -2054. Calculate the highest common divisor of x and v.
35
Suppose -320*k + 289*k = -18662. What is the greatest common factor of 7 and k?
7
Let g be 5*(-1 + 7 - -11). What is the highest common factor of 102 and g?
17
Let q(y) = 9*y + 239. Let n be q(32). Calculate the greatest common divisor of 17 and n.
17
Suppose -7 = 9*j - 583. What is the highest common factor of j and 24?
8
Let m(w) = w**2 + 29*w + 157. Let x be m(-22). What is the greatest common factor of x and 141?
3
Let p(r) = 2*r**3 - 10*r**2 - 2*r + 36. Let o be p(9). Calculate the highest common factor of o and 74.
74
Let a be ((-276)/(-161))/((-3)/(-420)). What is the highest common divisor of 30 and a?
30
Let i = 250 - 219. Calculate the highest common factor of 341 and i.
31
Let t(i) = -5*i + 72. Let h be t(6). What is the highest common factor of h and 105?
21
Let a be -4 + ((-3)/6)/(1/(-6)). Let f(z) = 9*z**2 - 1. Let p be f(a). Calculate the highest common divisor of 1 and p.
1
Let w(g) = -g**2 - 5*g. Let q be w(-5). Let x = 7 - 5. Suppose -x*c + 36 = -q*c. What is the highest common factor of 2 and c?
2
Let t = 81 + -31. Suppose 131*c - 130*c = t. Calculate the highest common divisor of c and 10.
10
Suppose 0 = 7*m + 68 - 271. Let r(d) = -27*d - 13. Let b be r(-8). Calculate the greatest common factor of b and m.
29
Suppose 4*r = 15 - 3. Suppose -r*s = -4*s. Suppose s*q - q = -20. What is the highest common factor of q and 10?
10
Let x = -29 - -29. Suppose -3*k + 2*z = -43, -3*z - 15 = -x. Calculate the highest common divisor of k and 33.
11
Suppose 13 = 58*o - 62*o - 5*k, -32 = -4*o + 4*k. Let d = 13 + -7. Let i be 2/d*(1 + 2). Calculate the greatest common factor of i and o.
1
Let y be (1 + 3)*(-45)/(-2). Calculate the greatest common factor of y and 234.
18
Let w(i) = 7*i**2 + 2*i + 1. Let r be w(-1). Let m = r - -18. What is the highest common factor of 12 and m?
12
Let i = -1 - 2. Let r(s) = -2 + 4*s**2 + 3*s + 4*s**3 - s**3 - 2*s**3 + 3. Let p be r(i). Calculate the greatest common divisor of 2 and p.
1
Let r(l) = -l**3 - 15*l**2 - 21*l - 31. Let a be r(-14). Let y = a + -35. Calculate the greatest common factor of y and 288.
32
Let g(k) = 4*k**3 - 14*k**2 + k - 1. Let m be g(4). What is the greatest common divisor of m and 350?
35
Let r(p) = -2 + 1 - p + 0. Let l(d) = -3*d - 11. Let n(c) = l(c) - 6*r(c). Let j be n(2). What is the highest common divisor of 9 and j?
1
Let w be (-5404)/(-35) + (-4)/10. Let t be (-432)/(-30) + 6/(-15). Calculate the greatest common divisor of t and w.
14
Suppose -m + 27 = y, -424 + 439 = y - 5*m. Let w(z) = -2*z + 5. Let i be w(-5). Calculate the highest common divisor of y and i.
5
Let f = 2899 - 2773. Let k = -13 - -27. What is the greatest common factor of f and k?
14
Let q = 2 - -1. Suppose 0 = -q*i + 18 - 3. Let z = 1271 + -1246. What is the greatest common factor of i and z?
5
Suppose -2*i + 2*h - 5*h + 109 = 0, -4*h = -4*i + 268. Let w = i - 35. What is the greatest common factor of 27 and w?
27
Let c be (-7)/(7/205) - -5. Let i = 212 + c. Let p = 1 + 2. Calculate the greatest common factor of p and i.
3
Let l(n) = 3*n**2 - 7*n - 1. Let b be l(5). Let q(j) = 3*j**2 + 21*j + 96. Let r be q(-6). Calculate the greatest common factor of b and r.
39
Let x(t) = -14*t + 42. Let y be x(-17). Suppose l = -27 + 41. Calculate the greatest common factor of y and l.
14
Suppose 1189 = 3*o - 2*p - 535, 5*p - 1162 = -2*o. What is the greatest common factor of 24 and o?
24
Suppose -26*g + 50680 =